and 46505.
71
What is the greatest common factor of 62013 and 567?
21
Calculate the greatest common factor of 1 and 12541.
1
What is the greatest common divisor of 73710 and 364?
182
What is the highest common divisor of 1100 and 162525?
275
Calculate the highest common factor of 722 and 185858.
38
Calculate the highest common divisor of 367004 and 220.
44
Calculate the highest common factor of 3522 and 174.
6
Calculate the greatest common factor of 682 and 479322.
62
What is the greatest common divisor of 240718 and 46?
46
Calculate the highest common divisor of 981 and 137667.
327
What is the greatest common factor of 1527 and 1454213?
509
Calculate the highest common factor of 1245284 and 68.
68
Calculate the greatest common divisor of 16848 and 1552824.
2808
Calculate the highest common divisor of 618 and 46762.
206
Calculate the greatest common divisor of 597562 and 42.
14
Calculate the greatest common factor of 3132 and 569241.
783
Calculate the greatest common factor of 297 and 743391.
297
Calculate the highest common divisor of 38 and 1049028.
38
Calculate the greatest common factor of 60 and 353.
1
What is the greatest common factor of 633930 and 1020?
510
What is the highest common factor of 2509298 and 726?
242
Calculate the highest common factor of 54 and 29538.
54
Calculate the highest common divisor of 22306 and 190.
38
Calculate the highest common divisor of 16 and 9104.
16
What is the greatest common divisor of 305 and 615185?
305
Calculate the greatest common divisor of 102852 and 8.
4
Calculate the greatest common factor of 1342242 and 198.
198
What is the greatest common divisor of 8687 and 57232?
511
Calculate the greatest common factor of 35380 and 180.
20
What is the highest common factor of 9232 and 2008?
8
What is the highest common factor of 3376989 and 14?
7
Calculate the greatest common factor of 12880 and 1265.
115
Calculate the greatest common divisor of 616 and 19628.
28
Calculate the highest common divisor of 460 and 9320.
20
What is the highest common divisor of 75 and 24285?
15
Calculate the highest common factor of 21250 and 30685.
85
Calculate the highest common factor of 1377 and 2041173.
459
What is the greatest common factor of 192 and 21?
3
Calculate the highest common factor of 34170 and 67000.
670
Calculate the greatest common divisor of 108 and 2000214.
54
What is the greatest common factor of 1802 and 10642?
34
What is the greatest common factor of 54 and 46467?
27
Calculate the highest common divisor of 13425 and 1275.
75
What is the highest common factor of 65751 and 1085?
217
Calculate the highest common divisor of 95 and 121.
1
What is the greatest common divisor of 12668 and 16?
4
What is the greatest common divisor of 929408 and 424?
424
Calculate the greatest common divisor of 153478 and 338.
26
Calculate the greatest common divisor of 11361309 and 537.
537
Calculate the highest common divisor of 18721 and 679.
97
What is the greatest common factor of 840 and 174860?
140
What is the highest common divisor of 688 and 86172?
172
Calculate the greatest common divisor of 390 and 21710.
130
Calculate the greatest common divisor of 618 and 14571822.
618
What is the greatest common divisor of 16443 and 20979?
567
Calculate the greatest common factor of 236250 and 70.
70
What is the highest common factor of 134 and 111890?
134
What is the highest common factor of 724108 and 1232?
308
Calculate the greatest common factor of 2583783 and 9.
9
Calculate the highest common divisor of 228 and 93936.
228
Calculate the highest common factor of 29952 and 63.
9
What is the highest common factor of 3715 and 155287?
743
What is the highest common divisor of 378 and 447363?
189
Calculate the greatest common factor of 58 and 112.
2
What is the greatest common divisor of 5 and 2470?
5
Calculate the greatest common divisor of 29 and 16485949.
29
Calculate the greatest common factor of 1925 and 11627.
77
Calculate the greatest common divisor of 189 and 572523.
21
Calculate the greatest common factor of 111562 and 2178.
242
What is the greatest common factor of 672449 and 59014?
1553
Calculate the highest common factor of 6804 and 2184.
84
Calculate the greatest common factor of 20698 and 524.
262
Calculate the greatest common factor of 31929 and 3132.
87
Calculate the highest common factor of 360819 and 36.
9
What is the greatest common divisor of 6237 and 14661?
81
What is the highest common divisor of 285 and 579?
3
Calculate the greatest common divisor of 1611 and 1790358.
537
Calculate the greatest common factor of 720 and 50000.
80
Calculate the greatest common divisor of 14259 and 776.
97
Calculate the greatest common factor of 51172 and 44.
44
What is the highest common divisor of 2084073 and 14721?
2103
What is the greatest common divisor of 135 and 58644?
27
Calculate the highest common factor of 9225 and 2475.
225
Calculate the greatest common divisor of 62002 and 73761.
1069
What is the highest common divisor of 913 and 2002?
11
Calculate the greatest common divisor of 20068 and 24476.
116
Calculate the greatest common divisor of 288 and 1482444.
36
What is the greatest common divisor of 6886 and 15963?
313
Calculate the greatest common factor of 99879 and 1773.
591
Calculate the highest common divisor of 100 and 1205150.
50
Calculate the greatest common factor of 38 and 233054.
38
What is the greatest common factor of 22048 and 434176?
1696
Calculate the highest common factor of 196593 and 456.
57
What is the highest common divisor of 153 and 256989?
51
What is the greatest common divisor of 215 and 313169?
43
Calculate the greatest common factor of 29081 and 52.
13
What is the greatest common divisor of 99 and 8767?
11
Calculate the highest common factor of 13186 and 2052.
38
What is the highest common factor of 1945368 and 144?
72
What is the greatest common factor of 454947 and 278?
139
What is the highest common divisor of 3619 and 35?
7
Calculate the greatest common divisor of 135 and 125865.
45
What is the highest common factor of 700950 and 10?
10
What is the highest common factor of 56 and 61362?
14
What is the highest common divisor of 70 and 201915?
35
Calculate the highest common factor of 104265 and 1260.
315
Calculate the highest common divisor of 640 and 49960.
40
Calculate the highest common factor of 2016120 and 634.
634
What is the greatest common divisor of 115923 and 204?
51
Calculate the highest common divisor of 6026 and 209852.
46
What is the greatest common factor of 6200 and 1116?
124
Calculate the highest common divisor of 20 and 66295.
5
What is the greatest common factor of 74 and 435416?
74
What is the highest common divisor of 186 and 18507?
93
Calculate the highest common divisor of 1736 and 2136.
8
What is the highest common divisor of 82020 and 4680?
60
What is the highest common divisor of 169864 and 256?
8
What is the highest common factor of 3225 and 10449?
129
Calculate the highest common factor of 146 and 6377061.
73
Calculate the greatest common factor of 716222 and 326.
326
What is the greatest common divisor of 10 and 3795410?
10
What is the highest common divisor of 270 and 37098?
54
Calculate the greatest common factor of 2586 and 146109.
1293
Calculate the highest common divisor of 187 and 29249.
11
What is the greatest common factor of 5028 and 1094428?
1676
What is the highest common divisor of 132033 and 825?
33
What is the highest common factor of 39 and 67002?
39
Calculate the highest common factor of 4292 and 1924.
148
What is the highest common factor of 24615 and 24255?
45
Calculate the highest common factor of 23353 and 242.
121
What is the highest common divisor of 28 and 1868167?
7
What is the highest common factor of 9715 and 3685?
335
What is the greatest common divisor of 6528 and 1728?
192
What is the highest common factor of 539249 and 2402?
1201
Calculate the greatest common divisor of 65 and 295.
5
Calculate the highest common divisor of 2 and 9326.
2
What is the greatest common divisor of 8592 and 6802?
358
Calculate the highest common factor of 336 and 140784.
336
What is the highest common factor of 427768 and 176?
88
Calculate the highest common divisor of 492 and 24764.
164
What is the greatest common factor of 106535 and 75790?
715
Calc